divisor of 6279 and 237153?
483
What is the greatest common divisor of 18270320 and 160?
80
Calculate the highest common factor of 2264 and 3248.
8
Calculate the highest common factor of 993888 and 14.
14
What is the greatest common factor of 63 and 110208?
21
What is the greatest common divisor of 124579 and 91?
91
Calculate the highest common factor of 231883 and 2012.
503
What is the highest common divisor of 290 and 810?
10
What is the highest common factor of 3124 and 220?
44
What is the greatest common divisor of 69 and 155043?
69
Calculate the highest common factor of 276 and 10281.
69
What is the greatest common divisor of 792034 and 2166?
722
Calculate the greatest common divisor of 1030 and 12875.
515
Calculate the greatest common divisor of 89414 and 380.
38
What is the highest common factor of 3364 and 348?
116
Calculate the highest common divisor of 6072 and 286.
22
Calculate the highest common factor of 848899 and 785.
157
Calculate the greatest common divisor of 68 and 82178.
34
What is the greatest common divisor of 1464 and 296?
8
Calculate the greatest common divisor of 122 and 1380674.
122
Calculate the greatest common factor of 168 and 55692.
84
Calculate the greatest common divisor of 446103 and 11349.
873
What is the greatest common factor of 4246 and 509134?
386
Calculate the highest common divisor of 4958 and 1206.
134
What is the greatest common divisor of 18392 and 8228?
484
Calculate the greatest common divisor of 49482 and 90.
18
Calculate the highest common divisor of 77758 and 34.
34
Calculate the highest common divisor of 104472 and 252.
36
What is the highest common factor of 2138 and 392?
2
What is the greatest common divisor of 9298146 and 1716?
858
Calculate the greatest common divisor of 830259 and 54.
9
Calculate the greatest common factor of 206 and 526021.
103
Calculate the highest common divisor of 2358336 and 768.
192
Calculate the greatest common factor of 6526394 and 14.
14
What is the greatest common divisor of 20111 and 4144?
7
What is the greatest common divisor of 30 and 546945?
15
What is the greatest common factor of 25 and 110015?
5
Calculate the highest common divisor of 9531751 and 163.
163
Calculate the highest common divisor of 24651 and 15521.
913
Calculate the greatest common factor of 171 and 3688983.
171
What is the highest common factor of 16414 and 145?
29
What is the highest common factor of 7906 and 19942?
118
Calculate the greatest common divisor of 15430 and 80.
10
Calculate the greatest common factor of 2 and 339416.
2
What is the highest common factor of 276 and 6716?
92
Calculate the greatest common factor of 46 and 92954.
2
Calculate the highest common factor of 121541 and 25060.
1253
What is the highest common factor of 55272 and 3234?
294
What is the highest common divisor of 1206 and 34237?
67
What is the greatest common divisor of 2958 and 9367?
493
Calculate the highest common factor of 45 and 83865.
15
Calculate the greatest common factor of 80946 and 270.
54
Calculate the highest common divisor of 119437 and 415.
83
What is the highest common divisor of 1006137 and 9?
9
What is the highest common factor of 336 and 1176?
168
Calculate the greatest common divisor of 500 and 161250.
250
What is the greatest common divisor of 3 and 48123?
3
What is the greatest common divisor of 234175 and 29?
29
What is the highest common factor of 64 and 136128?
64
Calculate the greatest common factor of 3762 and 10692.
198
Calculate the highest common factor of 871 and 213998.
67
What is the highest common divisor of 438 and 489?
3
What is the greatest common divisor of 4225 and 121511?
169
What is the greatest common factor of 5781 and 105891?
141
Calculate the greatest common divisor of 6 and 5672.
2
What is the greatest common factor of 8198 and 1?
1
What is the highest common divisor of 414409 and 1615?
323
Calculate the greatest common divisor of 160 and 325880.
40
Calculate the greatest common factor of 16517 and 9950.
199
Calculate the greatest common factor of 11169 and 5814.
153
What is the highest common divisor of 39470 and 26?
2
What is the highest common divisor of 581 and 29299?
83
Calculate the greatest common divisor of 69316 and 248.
124
Calculate the greatest common factor of 1520 and 3130.
10
What is the greatest common factor of 4331 and 2059?
71
Calculate the greatest common factor of 13975 and 1118.
559
What is the greatest common factor of 7 and 499793?
7
What is the highest common divisor of 65116 and 730?
146
What is the highest common factor of 560396 and 4?
4
What is the highest common divisor of 988 and 1014?
26
Calculate the highest common factor of 174906 and 45.
9
Calculate the greatest common factor of 380352 and 1120.
224
Calculate the greatest common divisor of 8 and 2221496.
8
Calculate the highest common divisor of 271 and 233873.
271
Calculate the highest common factor of 5605 and 118.
59
Calculate the highest common factor of 144 and 78144.
48
Calculate the greatest common divisor of 1962 and 315.
9
What is the greatest common divisor of 75 and 680825?
25
Calculate the highest common factor of 8701 and 3619.
77
What is the highest common factor of 24 and 130552?
8
What is the highest common factor of 6173406 and 118?
118
What is the greatest common factor of 8672721 and 76?
19
What is the greatest common factor of 231 and 2063061?
231
Calculate the highest common factor of 612360 and 168.
168
Calculate the highest common divisor of 450 and 42615.
45
Calculate the highest common factor of 8854 and 64.
2
Calculate the greatest common divisor of 646674 and 5709.
519
Calculate the highest common factor of 19877 and 65.
13
Calculate the greatest common divisor of 2649 and 21.
3
Calculate the greatest common divisor of 5915690 and 1210.
1210
Calculate the greatest common factor of 16 and 1200096.
16
Calculate the greatest common factor of 546060 and 342.
114
What is the greatest common divisor of 6262 and 237350?
202
Calculate the highest common factor of 406 and 14420.
14
What is the greatest common factor of 26 and 373399?
13
Calculate the greatest common divisor of 224548 and 24.
4
Calculate the highest common divisor of 91 and 568243.
13
What is the greatest common divisor of 185758 and 262?
262
Calculate the greatest common divisor of 3207547 and 7.
7
Calculate the greatest common factor of 2 and 78566.
2
What is the highest common divisor of 77 and 10829?
7
Calculate the highest common factor of 2316 and 8.
4
Calculate the greatest common factor of 376645 and 5.
5
What is the greatest common factor of 302 and 124273?
151
What is the greatest common divisor of 119 and 1394?
17
What is the highest common factor of 131582 and 22?
22
What is the greatest common divisor of 6699 and 110432?
203
Calculate the highest common divisor of 3886 and 116174.
58
What is the highest common divisor of 4083657 and 6147?
2049
Calculate the highest common divisor of 441 and 4347.
63
Calculate the greatest common factor of 75 and 43140.
15
Calculate the highest common divisor of 258580 and 1960.
140
Calculate the highest common factor of 16 and 119368.
8
What is the highest common factor of 175 and 567?
7
What is the greatest common factor of 26 and 596193?
13
Calculate the highest common factor of 96117 and 3312.
69
Calculate the greatest common divisor of 722 and 804669.
361
Calculate the greatest common factor of 24276 and 63.
21
Calculate the highest common factor of 141556 and 2752.
172
Calculate the greatest common factor of 413 and 2917019.
413
What is the highest common factor of 370 and 611980?
370
Calculate the highest common factor of 115056 and 306.
306
What is the greatest common divisor of 4805 and 155?
155
Calculate the highest common factor of 19228 and 5643.
209
Calculate the highest common factor of 396 and 5193.
9
What is the highest common factor of 455 and 797069?
91
What is the greatest common divisor of 6045 and 21255?
195
What is the highest common divisor of 24 and 37452?
12
Calculate the greatest common factor of 1246 and 229887.
623
Calculate the greatest common divisor of 1276 and 8426.
22
What is the greatest common factor of 66 and 67672?
22
Calculate the highest common factor of 490 and 300.
10
Calculate the highest common factor of 24